{"id":3152,"date":"2025-12-16T23:15:42","date_gmt":"2025-12-16T23:15:42","guid":{"rendered":"https:\/\/advel.is\/?post_type=advelstaff&#038;p=3152"},"modified":"2026-01-22T10:04:37","modified_gmt":"2026-01-22T10:04:37","slug":"dora-sif-tynes","status":"publish","type":"advelstaff","link":"https:\/\/advel.is\/en\/advelstaff\/dora-sif-tynes\/","title":{"rendered":"D\u00f3ra Sif Tynes"},"content":{"rendered":"<h3 class=\"wp-block-heading\">Career<\/h3>\n\n\n\n<p>2011 \u2013\u00a0 ADVEL l\u00f6gmenn\u00a0<br>2013 \u2013 2016\u00a0Forst\u00f6\u00f0uma\u00f0ur lagaskrifstofu EFTA<br>2009 \u2013 2011 DST r\u00e1\u00f0gj\u00f6f \u2013 Eigandi<br>2004 \u2013 2009 Framkv\u00e6mdastj\u00f3ri l\u00f6gfr\u00e6\u00f0isvi\u00f0s Teymis<br>2001 \u2013 2004 L\u00f6gfr\u00e6\u00f0ingur \u00e1 laga- og stj\u00f3rns\u00fdsluskrifstofu Eftirlitsstofnunar EFTA<br>2000 \u2013 S\u00e9rverkefni fyrir Samkeppnisdeild framkv\u00e6mdastj\u00f3rnar ESB (DG Competition)<br>1997 \u2013 1999 Fulltr\u00fai Andra \u00c1rnasonar hrl \u2013 L\u00f6gfr\u00e6\u00f0iskrifstofan Gar\u00f0astr\u00e6ti 17<\/p>\n\n\n\n<h3 class=\"wp-block-heading\">Education<\/h3>\n\n\n\n<p>2000&nbsp;LL.M \u00ed Evr\u00f3pur\u00e9tti og samanbur\u00f0arl\u00f6gfr\u00e6\u00f0i fr\u00e1 European university institute, \u00cdtal\u00edu<br>1997&nbsp; Cand.jur. fr\u00e1 H\u00e1sk\u00f3la \u00cdslands<\/p>\n\n\n\n<h3 class=\"wp-block-heading\">Admitted to practice before<\/h3>\n\n\n\n<p>The Appeal Court<br>The District Courts<\/p>\n\n\n\n<h3 class=\"wp-block-heading\">Practice areas<\/h3>\n\n\n\n<p>International Trade, EEA and European Law, Corporate Law, Communications Law, Competition Law and State Aid<\/p>\n\n\n\n<h3 class=\"wp-block-heading\">Languages<\/h3>\n\n\n\n<p>Norwegian, Swedish, Danish, English, Italian, French, German<\/p>","protected":false},"featured_media":0,"template":"","meta":{"_acf_changed":false},"class_list":["post-3152","advelstaff","type-advelstaff","status-publish","hentry","entry"],"acf":[],"yoast_head":"<!-- This site is optimized with the Yoast SEO plugin v27.3 - https:\/\/yoast.com\/product\/yoast-seo-wordpress\/ -->\n<title>D\u00f3ra Sif Tynes - ADVEL<\/title>\n<meta name=\"robots\" content=\"index, follow, max-snippet:-1, max-image-preview:large, max-video-preview:-1\" \/>\n<link rel=\"canonical\" href=\"https:\/\/advel.is\/en\/advelstaff\/dora-sif-tynes\/\" \/>\n<meta property=\"og:locale\" content=\"en_US\" \/>\n<meta property=\"og:type\" content=\"article\" \/>\n<meta property=\"og:title\" content=\"D\u00f3ra Sif Tynes - ADVEL\" \/>\n<meta property=\"og:description\" content=\"Starfsferill 2011 \u2013\u00a0 ADVEL l\u00f6gmenn\u00a02013 \u2013 2016\u00a0Forst\u00f6\u00f0uma\u00f0ur lagaskrifstofu EFTA2009 \u2013 2011 DST r\u00e1\u00f0gj\u00f6f \u2013 Eigandi2004 \u2013 2009 Framkv\u00e6mdastj\u00f3ri l\u00f6gfr\u00e6\u00f0isvi\u00f0s Teymis2001 \u2013 2004 L\u00f6gfr\u00e6\u00f0ingur \u00e1 laga- og stj\u00f3rns\u00fdsluskrifstofu Eftirlitsstofnunar EFTA2000 \u2013 S\u00e9rverkefni fyrir Samkeppnisdeild framkv\u00e6mdastj\u00f3rnar ESB (DG Competition)1997 \u2013 1999 Fulltr\u00fai Andra \u00c1rnasonar hrl \u2013 L\u00f6gfr\u00e6\u00f0iskrifstofan Gar\u00f0astr\u00e6ti 17 Menntun 2000&nbsp;LL.M \u00ed Evr\u00f3pur\u00e9tti og samanbur\u00f0arl\u00f6gfr\u00e6\u00f0i fr\u00e1 European&hellip; Continue reading D\u00f3ra Sif Tynes\" \/>\n<meta property=\"og:url\" content=\"https:\/\/advel.is\/en\/advelstaff\/dora-sif-tynes\/\" \/>\n<meta property=\"og:site_name\" content=\"ADVEL\" \/>\n<meta property=\"article:modified_time\" content=\"2026-01-22T10:04:37+00:00\" \/>\n<meta name=\"twitter:card\" content=\"summary_large_image\" \/>\n<meta name=\"twitter:label1\" content=\"Est. reading time\" \/>\n\t<meta name=\"twitter:data1\" content=\"1 minute\" \/>\n<script type=\"application\/ld+json\" class=\"yoast-schema-graph\">{\"@context\":\"https:\\\/\\\/schema.org\",\"@graph\":[{\"@type\":\"WebPage\",\"@id\":\"https:\\\/\\\/advel.is\\\/advelstaff\\\/dora-sif-tynes\\\/\",\"url\":\"https:\\\/\\\/advel.is\\\/advelstaff\\\/dora-sif-tynes\\\/\",\"name\":\"D\u00f3ra Sif Tynes - ADVEL\",\"isPartOf\":{\"@id\":\"https:\\\/\\\/advel.is\\\/#website\"},\"datePublished\":\"2025-12-16T23:15:42+00:00\",\"dateModified\":\"2026-01-22T10:04:37+00:00\",\"inLanguage\":\"en-US\",\"potentialAction\":[{\"@type\":\"ReadAction\",\"target\":[\"https:\\\/\\\/advel.is\\\/advelstaff\\\/dora-sif-tynes\\\/\"]}]},{\"@type\":\"WebSite\",\"@id\":\"https:\\\/\\\/advel.is\\\/#website\",\"url\":\"https:\\\/\\\/advel.is\\\/\",\"name\":\"ADVEL\",\"description\":\"\",\"publisher\":{\"@id\":\"https:\\\/\\\/advel.is\\\/#organization\"},\"potentialAction\":[{\"@type\":\"SearchAction\",\"target\":{\"@type\":\"EntryPoint\",\"urlTemplate\":\"https:\\\/\\\/advel.is\\\/?s={search_term_string}\"},\"query-input\":{\"@type\":\"PropertyValueSpecification\",\"valueRequired\":true,\"valueName\":\"search_term_string\"}}],\"inLanguage\":\"en-US\"},{\"@type\":\"Organization\",\"@id\":\"https:\\\/\\\/advel.is\\\/#organization\",\"name\":\"ADVEL\",\"url\":\"https:\\\/\\\/advel.is\\\/\",\"logo\":{\"@type\":\"ImageObject\",\"inLanguage\":\"en-US\",\"@id\":\"https:\\\/\\\/advel.is\\\/#\\\/schema\\\/logo\\\/image\\\/\",\"url\":\"https:\\\/\\\/advel.is\\\/wp-content\\\/uploads\\\/2021\\\/06\\\/advel-litid.png\",\"contentUrl\":\"https:\\\/\\\/advel.is\\\/wp-content\\\/uploads\\\/2021\\\/06\\\/advel-litid.png\",\"width\":70,\"height\":64,\"caption\":\"ADVEL\"},\"image\":{\"@id\":\"https:\\\/\\\/advel.is\\\/#\\\/schema\\\/logo\\\/image\\\/\"}}]}<\/script>\n<!-- \/ Yoast SEO plugin. -->","yoast_head_json":{"title":"D\u00f3ra Sif Tynes - ADVEL","robots":{"index":"index","follow":"follow","max-snippet":"max-snippet:-1","max-image-preview":"max-image-preview:large","max-video-preview":"max-video-preview:-1"},"canonical":"https:\/\/advel.is\/en\/advelstaff\/dora-sif-tynes\/","og_locale":"en_US","og_type":"article","og_title":"D\u00f3ra Sif Tynes - ADVEL","og_description":"Starfsferill 2011 \u2013\u00a0 ADVEL l\u00f6gmenn\u00a02013 \u2013 2016\u00a0Forst\u00f6\u00f0uma\u00f0ur lagaskrifstofu EFTA2009 \u2013 2011 DST r\u00e1\u00f0gj\u00f6f \u2013 Eigandi2004 \u2013 2009 Framkv\u00e6mdastj\u00f3ri l\u00f6gfr\u00e6\u00f0isvi\u00f0s Teymis2001 \u2013 2004 L\u00f6gfr\u00e6\u00f0ingur \u00e1 laga- og stj\u00f3rns\u00fdsluskrifstofu Eftirlitsstofnunar EFTA2000 \u2013 S\u00e9rverkefni fyrir Samkeppnisdeild framkv\u00e6mdastj\u00f3rnar ESB (DG Competition)1997 \u2013 1999 Fulltr\u00fai Andra \u00c1rnasonar hrl \u2013 L\u00f6gfr\u00e6\u00f0iskrifstofan Gar\u00f0astr\u00e6ti 17 Menntun 2000&nbsp;LL.M \u00ed Evr\u00f3pur\u00e9tti og samanbur\u00f0arl\u00f6gfr\u00e6\u00f0i fr\u00e1 European&hellip; Continue reading D\u00f3ra Sif Tynes","og_url":"https:\/\/advel.is\/en\/advelstaff\/dora-sif-tynes\/","og_site_name":"ADVEL","article_modified_time":"2026-01-22T10:04:37+00:00","twitter_card":"summary_large_image","twitter_misc":{"Est. reading time":"1 minute"},"schema":{"@context":"https:\/\/schema.org","@graph":[{"@type":"WebPage","@id":"https:\/\/advel.is\/advelstaff\/dora-sif-tynes\/","url":"https:\/\/advel.is\/advelstaff\/dora-sif-tynes\/","name":"D\u00f3ra Sif Tynes - ADVEL","isPartOf":{"@id":"https:\/\/advel.is\/#website"},"datePublished":"2025-12-16T23:15:42+00:00","dateModified":"2026-01-22T10:04:37+00:00","inLanguage":"en-US","potentialAction":[{"@type":"ReadAction","target":["https:\/\/advel.is\/advelstaff\/dora-sif-tynes\/"]}]},{"@type":"WebSite","@id":"https:\/\/advel.is\/#website","url":"https:\/\/advel.is\/","name":"ADVEL","description":"","publisher":{"@id":"https:\/\/advel.is\/#organization"},"potentialAction":[{"@type":"SearchAction","target":{"@type":"EntryPoint","urlTemplate":"https:\/\/advel.is\/?s={search_term_string}"},"query-input":{"@type":"PropertyValueSpecification","valueRequired":true,"valueName":"search_term_string"}}],"inLanguage":"en-US"},{"@type":"Organization","@id":"https:\/\/advel.is\/#organization","name":"ADVEL","url":"https:\/\/advel.is\/","logo":{"@type":"ImageObject","inLanguage":"en-US","@id":"https:\/\/advel.is\/#\/schema\/logo\/image\/","url":"https:\/\/advel.is\/wp-content\/uploads\/2021\/06\/advel-litid.png","contentUrl":"https:\/\/advel.is\/wp-content\/uploads\/2021\/06\/advel-litid.png","width":70,"height":64,"caption":"ADVEL"},"image":{"@id":"https:\/\/advel.is\/#\/schema\/logo\/image\/"}}]}},"brizy_media":[],"_links":{"self":[{"href":"https:\/\/advel.is\/en\/wp-json\/wp\/v2\/advelstaff\/3152","targetHints":{"allow":["GET"]}}],"collection":[{"href":"https:\/\/advel.is\/en\/wp-json\/wp\/v2\/advelstaff"}],"about":[{"href":"https:\/\/advel.is\/en\/wp-json\/wp\/v2\/types\/advelstaff"}],"wp:attachment":[{"href":"https:\/\/advel.is\/en\/wp-json\/wp\/v2\/media?parent=3152"}],"curies":[{"name":"wp","href":"https:\/\/api.w.org\/{rel}","templated":true}]}}

Dóra Sif Tynes

<h3 class="wp-block-heading">Career</h3>



<p>2011 –  ADVEL lögmenn <br>2013 – 2016 Forstöðumaður lagaskrifstofu EFTA<br>2009 – 2011 DST ráðgjöf – Eigandi<br>2004 – 2009 Framkvæmdastjóri lögfræðisviðs Teymis<br>2001 – 2004 Lögfræðingur á laga- og stjórnsýsluskrifstofu Eftirlitsstofnunar EFTA<br>2000 – Sérverkefni fyrir Samkeppnisdeild framkvæmdastjórnar ESB (DG Competition)<br>1997 – 1999 Fulltrúi Andra Árnasonar hrl – Lögfræðiskrifstofan Garðastræti 17</p>



<h3 class="wp-block-heading">Education</h3>



<p>2000&nbsp;LL.M í Evrópurétti og samanburðarlögfræði frá European university institute, Ítalíu<br>1997&nbsp; Cand.jur. frá Háskóla Íslands</p>



<h3 class="wp-block-heading">Admitted to practice before</h3>



<p>The Appeal Court<br>The District Courts</p>



<h3 class="wp-block-heading">Practice areas</h3>



<p>International Trade, EEA and European Law, Corporate Law, Communications Law, Competition Law and State Aid</p>



<h3 class="wp-block-heading">Languages</h3>



<p>Norwegian, Swedish, Danish, English, Italian, French, German</p>

<!-- This site is optimized with the Yoast SEO plugin v27.3 - https://yoast.com/product/yoast-seo-wordpress/ -->
<title>Dóra Sif Tynes - ADVEL</title>
<meta name="robots" content="index, follow, max-snippet:-1, max-image-preview:large, max-video-preview:-1" />
<link rel="canonical" href="https://advel.is/en/advelstaff/dora-sif-tynes/" />
<meta property="og:locale" content="en_US" />
<meta property="og:type" content="article" />
<meta property="og:title" content="Dóra Sif Tynes - ADVEL" />
<meta property="og:description" content="Starfsferill 2011 –  ADVEL lögmenn 2013 – 2016 Forstöðumaður lagaskrifstofu EFTA2009 – 2011 DST ráðgjöf – Eigandi2004 – 2009 Framkvæmdastjóri lögfræðisviðs Teymis2001 – 2004 Lögfræðingur á laga- og stjórnsýsluskrifstofu Eftirlitsstofnunar EFTA2000 – Sérverkefni fyrir Samkeppnisdeild framkvæmdastjórnar ESB (DG Competition)1997 – 1999 Fulltrúi Andra Árnasonar hrl – Lögfræðiskrifstofan Garðastræti 17 Menntun 2000&nbsp;LL.M í Evrópurétti og samanburðarlögfræði frá European&hellip; Continue reading Dóra Sif Tynes" />
<meta property="og:url" content="https://advel.is/en/advelstaff/dora-sif-tynes/" />
<meta property="og:site_name" content="ADVEL" />
<meta property="article:modified_time" content="2026-01-22T10:04:37+00:00" />
<meta name="twitter:card" content="summary_large_image" />
<meta name="twitter:label1" content="Est. reading time" />
	<meta name="twitter:data1" content="1 minute" />
<script type="application/ld+json" class="yoast-schema-graph">{"@context":"https:\/\/schema.org","@graph":[{"@type":"WebPage","@id":"https:\/\/advel.is\/advelstaff\/dora-sif-tynes\/","url":"https:\/\/advel.is\/advelstaff\/dora-sif-tynes\/","name":"Dóra Sif Tynes - ADVEL","isPartOf":{"@id":"https:\/\/advel.is\/#website"},"datePublished":"2025-12-16T23:15:42+00:00","dateModified":"2026-01-22T10:04:37+00:00","inLanguage":"en-US","potentialAction":[{"@type":"ReadAction","target":["https:\/\/advel.is\/advelstaff\/dora-sif-tynes\/"]}]},{"@type":"WebSite","@id":"https:\/\/advel.is\/#website","url":"https:\/\/advel.is\/","name":"ADVEL","description":"","publisher":{"@id":"https:\/\/advel.is\/#organization"},"potentialAction":[{"@type":"SearchAction","target":{"@type":"EntryPoint","urlTemplate":"https:\/\/advel.is\/?s={search_term_string}"},"query-input":{"@type":"PropertyValueSpecification","valueRequired":true,"valueName":"search_term_string"}}],"inLanguage":"en-US"},{"@type":"Organization","@id":"https:\/\/advel.is\/#organization","name":"ADVEL","url":"https:\/\/advel.is\/","logo":{"@type":"ImageObject","inLanguage":"en-US","@id":"https:\/\/advel.is\/#\/schema\/logo\/image\/","url":"https:\/\/advel.is\/wp-content\/uploads\/2021\/06\/advel-litid.png","contentUrl":"https:\/\/advel.is\/wp-content\/uploads\/2021\/06\/advel-litid.png","width":70,"height":64,"caption":"ADVEL"},"image":{"@id":"https:\/\/advel.is\/#\/schema\/logo\/image\/"}}]}</script>
<!-- / Yoast SEO plugin. -->

Dóra Sif Tynes - ADVEL

Starfsferill 2011 –  ADVEL lögmenn 2013 – 2016 Forstöðumaður lagaskrifstofu EFTA2009 – 2011 DST ráðgjöf – Eigandi2004 – 2009 Framkvæmdastjóri lögfræðisviðs Teymis2001 – 2004 Lögfræðingur á laga- og stjórnsýsluskrifstofu Eftirlitsstofnunar EFTA2000 – Sérverkefni fyrir Samkeppnisdeild framkvæmdastjórnar ESB (DG Competition)1997 – 1999 Fulltrúi Andra Árnasonar hrl – Lögfræðiskrifstofan Garðastræti 17 Menntun 2000&nbsp;LL.M í Evrópurétti og samanburðarlögfræði frá European&hellip; Continue reading Dóra Sif Tynes
