{"id":3151,"date":"2025-12-16T23:15:42","date_gmt":"2025-12-16T23:15:42","guid":{"rendered":"https:\/\/advel.is\/?post_type=advelstaff&#038;p=3151"},"modified":"2026-01-22T10:04:21","modified_gmt":"2026-01-22T10:04:21","slug":"bjarni-thor-bjarnason","status":"publish","type":"advelstaff","link":"https:\/\/advel.is\/en\/advelstaff\/bjarni-thor-bjarnason\/","title":{"rendered":"Bjarni \u00de\u00f3r Bjarnason"},"content":{"rendered":"<h3 class=\"wp-block-heading\">Career<\/h3>\n\n\n\n<p>2021 \u2013\u00a0 ADVEL l\u00f6gmenn<br>2017 \u2013 2021\u00a0 Deloitte<br>2009 \u2013 2017\u00a0 LOGOS l\u00f6gmanns\u00fej\u00f3nusta<br>2008 - Internal Revenue Board\u00a0<\/p>\n\n\n\n<h3 class=\"wp-block-heading\">Education<\/h3>\n\n\n\n<p>2009&nbsp; LL.M fr\u00e1 University of Southern California<br>2008&nbsp; Mag.jur fr\u00e1 H\u00e1sk\u00f3la \u00cdslands<\/p>\n\n\n\n<h3 class=\"wp-block-heading\">Admitted to practice before<\/h3>\n\n\n\n<p>The District Courts<\/p>\n\n\n\n<h3 class=\"wp-block-heading\">Practice areas<\/h3>\n\n\n\n<p>Company law, Tax law, Mergers and Acquisitions, Corporate finance, Contract law, Administrative law<\/p>\n\n\n\n<h3 class=\"wp-block-heading\">Languages<\/h3>\n\n\n\n<p>English<\/p>","protected":false},"featured_media":0,"template":"","meta":{"_acf_changed":true},"class_list":["post-3151","advelstaff","type-advelstaff","status-publish","hentry","entry"],"acf":[],"yoast_head":"<!-- This site is optimized with the Yoast SEO plugin v27.3 - https:\/\/yoast.com\/product\/yoast-seo-wordpress\/ -->\n<title>Bjarni \u00de\u00f3r Bjarnason - ADVEL<\/title>\n<meta name=\"robots\" content=\"index, follow, max-snippet:-1, max-image-preview:large, max-video-preview:-1\" \/>\n<link rel=\"canonical\" href=\"https:\/\/advel.is\/en\/advelstaff\/bjarni-thor-bjarnason\/\" \/>\n<meta property=\"og:locale\" content=\"en_US\" \/>\n<meta property=\"og:type\" content=\"article\" \/>\n<meta property=\"og:title\" content=\"Bjarni \u00de\u00f3r Bjarnason - ADVEL\" \/>\n<meta property=\"og:description\" content=\"Starfsferill 2021 \u2013\u00a0 ADVEL l\u00f6gmenn2017 \u2013 2021\u00a0 Deloitte2009 \u2013 2017\u00a0 LOGOS l\u00f6gmanns\u00fej\u00f3nusta2008\u00a0 Yfirskattanefnd\u00a0 Menntun 2009&nbsp; LL.M fr\u00e1 University of Southern California2008&nbsp; Mag.jur fr\u00e1 H\u00e1sk\u00f3la \u00cdslands R\u00e9ttindi til m\u00e1lflutnings fyrir H\u00e9ra\u00f0sd\u00f3mi Helstu starfssvi\u00f0 F\u00e9lagar\u00e9ttur og fyrirt\u00e6kjar\u00e1\u00f0gj\u00f6f, skattar\u00e9ttur, samrunar og yfirt\u00f6kur, fj\u00e1rm\u00f6gnun fyrirt\u00e6kja, samningar\u00e9ttur, stj\u00f3rns\u00fdslur\u00e9ttur Tungum\u00e1l Enska\" \/>\n<meta property=\"og:url\" content=\"https:\/\/advel.is\/en\/advelstaff\/bjarni-thor-bjarnason\/\" \/>\n<meta property=\"og:site_name\" content=\"ADVEL\" \/>\n<meta property=\"article:modified_time\" content=\"2026-01-22T10:04:21+00:00\" \/>\n<meta name=\"twitter:card\" content=\"summary_large_image\" \/>\n<meta name=\"twitter:label1\" content=\"Est. reading time\" \/>\n\t<meta name=\"twitter:data1\" content=\"1 minute\" \/>\n<script type=\"application\/ld+json\" class=\"yoast-schema-graph\">{\"@context\":\"https:\\\/\\\/schema.org\",\"@graph\":[{\"@type\":\"WebPage\",\"@id\":\"https:\\\/\\\/advel.is\\\/advelstaff\\\/bjarni-thor-bjarnason\\\/\",\"url\":\"https:\\\/\\\/advel.is\\\/advelstaff\\\/bjarni-thor-bjarnason\\\/\",\"name\":\"Bjarni \u00de\u00f3r Bjarnason - ADVEL\",\"isPartOf\":{\"@id\":\"https:\\\/\\\/advel.is\\\/#website\"},\"datePublished\":\"2025-12-16T23:15:42+00:00\",\"dateModified\":\"2026-01-22T10:04:21+00:00\",\"inLanguage\":\"en-US\",\"potentialAction\":[{\"@type\":\"ReadAction\",\"target\":[\"https:\\\/\\\/advel.is\\\/advelstaff\\\/bjarni-thor-bjarnason\\\/\"]}]},{\"@type\":\"WebSite\",\"@id\":\"https:\\\/\\\/advel.is\\\/#website\",\"url\":\"https:\\\/\\\/advel.is\\\/\",\"name\":\"ADVEL\",\"description\":\"\",\"publisher\":{\"@id\":\"https:\\\/\\\/advel.is\\\/#organization\"},\"potentialAction\":[{\"@type\":\"SearchAction\",\"target\":{\"@type\":\"EntryPoint\",\"urlTemplate\":\"https:\\\/\\\/advel.is\\\/?s={search_term_string}\"},\"query-input\":{\"@type\":\"PropertyValueSpecification\",\"valueRequired\":true,\"valueName\":\"search_term_string\"}}],\"inLanguage\":\"en-US\"},{\"@type\":\"Organization\",\"@id\":\"https:\\\/\\\/advel.is\\\/#organization\",\"name\":\"ADVEL\",\"url\":\"https:\\\/\\\/advel.is\\\/\",\"logo\":{\"@type\":\"ImageObject\",\"inLanguage\":\"en-US\",\"@id\":\"https:\\\/\\\/advel.is\\\/#\\\/schema\\\/logo\\\/image\\\/\",\"url\":\"https:\\\/\\\/advel.is\\\/wp-content\\\/uploads\\\/2021\\\/06\\\/advel-litid.png\",\"contentUrl\":\"https:\\\/\\\/advel.is\\\/wp-content\\\/uploads\\\/2021\\\/06\\\/advel-litid.png\",\"width\":70,\"height\":64,\"caption\":\"ADVEL\"},\"image\":{\"@id\":\"https:\\\/\\\/advel.is\\\/#\\\/schema\\\/logo\\\/image\\\/\"}}]}<\/script>\n<!-- \/ Yoast SEO plugin. -->","yoast_head_json":{"title":"Bjarni \u00de\u00f3r Bjarnason - ADVEL","robots":{"index":"index","follow":"follow","max-snippet":"max-snippet:-1","max-image-preview":"max-image-preview:large","max-video-preview":"max-video-preview:-1"},"canonical":"https:\/\/advel.is\/en\/advelstaff\/bjarni-thor-bjarnason\/","og_locale":"en_US","og_type":"article","og_title":"Bjarni \u00de\u00f3r Bjarnason - ADVEL","og_description":"Starfsferill 2021 \u2013\u00a0 ADVEL l\u00f6gmenn2017 \u2013 2021\u00a0 Deloitte2009 \u2013 2017\u00a0 LOGOS l\u00f6gmanns\u00fej\u00f3nusta2008\u00a0 Yfirskattanefnd\u00a0 Menntun 2009&nbsp; LL.M fr\u00e1 University of Southern California2008&nbsp; Mag.jur fr\u00e1 H\u00e1sk\u00f3la \u00cdslands R\u00e9ttindi til m\u00e1lflutnings fyrir H\u00e9ra\u00f0sd\u00f3mi Helstu starfssvi\u00f0 F\u00e9lagar\u00e9ttur og fyrirt\u00e6kjar\u00e1\u00f0gj\u00f6f, skattar\u00e9ttur, samrunar og yfirt\u00f6kur, fj\u00e1rm\u00f6gnun fyrirt\u00e6kja, samningar\u00e9ttur, stj\u00f3rns\u00fdslur\u00e9ttur Tungum\u00e1l Enska","og_url":"https:\/\/advel.is\/en\/advelstaff\/bjarni-thor-bjarnason\/","og_site_name":"ADVEL","article_modified_time":"2026-01-22T10:04:21+00:00","twitter_card":"summary_large_image","twitter_misc":{"Est. reading time":"1 minute"},"schema":{"@context":"https:\/\/schema.org","@graph":[{"@type":"WebPage","@id":"https:\/\/advel.is\/advelstaff\/bjarni-thor-bjarnason\/","url":"https:\/\/advel.is\/advelstaff\/bjarni-thor-bjarnason\/","name":"Bjarni \u00de\u00f3r Bjarnason - ADVEL","isPartOf":{"@id":"https:\/\/advel.is\/#website"},"datePublished":"2025-12-16T23:15:42+00:00","dateModified":"2026-01-22T10:04:21+00:00","inLanguage":"en-US","potentialAction":[{"@type":"ReadAction","target":["https:\/\/advel.is\/advelstaff\/bjarni-thor-bjarnason\/"]}]},{"@type":"WebSite","@id":"https:\/\/advel.is\/#website","url":"https:\/\/advel.is\/","name":"ADVEL","description":"","publisher":{"@id":"https:\/\/advel.is\/#organization"},"potentialAction":[{"@type":"SearchAction","target":{"@type":"EntryPoint","urlTemplate":"https:\/\/advel.is\/?s={search_term_string}"},"query-input":{"@type":"PropertyValueSpecification","valueRequired":true,"valueName":"search_term_string"}}],"inLanguage":"en-US"},{"@type":"Organization","@id":"https:\/\/advel.is\/#organization","name":"ADVEL","url":"https:\/\/advel.is\/","logo":{"@type":"ImageObject","inLanguage":"en-US","@id":"https:\/\/advel.is\/#\/schema\/logo\/image\/","url":"https:\/\/advel.is\/wp-content\/uploads\/2021\/06\/advel-litid.png","contentUrl":"https:\/\/advel.is\/wp-content\/uploads\/2021\/06\/advel-litid.png","width":70,"height":64,"caption":"ADVEL"},"image":{"@id":"https:\/\/advel.is\/#\/schema\/logo\/image\/"}}]}},"brizy_media":[],"_links":{"self":[{"href":"https:\/\/advel.is\/en\/wp-json\/wp\/v2\/advelstaff\/3151","targetHints":{"allow":["GET"]}}],"collection":[{"href":"https:\/\/advel.is\/en\/wp-json\/wp\/v2\/advelstaff"}],"about":[{"href":"https:\/\/advel.is\/en\/wp-json\/wp\/v2\/types\/advelstaff"}],"wp:attachment":[{"href":"https:\/\/advel.is\/en\/wp-json\/wp\/v2\/media?parent=3151"}],"curies":[{"name":"wp","href":"https:\/\/api.w.org\/{rel}","templated":true}]}}

Bjarni Þór Bjarnason

<h3 class="wp-block-heading">Career</h3>



<p>2021 –  ADVEL lögmenn<br>2017 – 2021  Deloitte<br>2009 – 2017  LOGOS lögmannsþjónusta<br>2008 - Internal Revenue Board </p>



<h3 class="wp-block-heading">Education</h3>



<p>2009&nbsp; LL.M frá University of Southern California<br>2008&nbsp; Mag.jur frá Háskóla Íslands</p>



<h3 class="wp-block-heading">Admitted to practice before</h3>



<p>The District Courts</p>



<h3 class="wp-block-heading">Practice areas</h3>



<p>Company law, Tax law, Mergers and Acquisitions, Corporate finance, Contract law, Administrative law</p>



<h3 class="wp-block-heading">Languages</h3>



<p>English</p>

<!-- This site is optimized with the Yoast SEO plugin v27.3 - https://yoast.com/product/yoast-seo-wordpress/ -->
<title>Bjarni Þór Bjarnason - ADVEL</title>
<meta name="robots" content="index, follow, max-snippet:-1, max-image-preview:large, max-video-preview:-1" />
<link rel="canonical" href="https://advel.is/en/advelstaff/bjarni-thor-bjarnason/" />
<meta property="og:locale" content="en_US" />
<meta property="og:type" content="article" />
<meta property="og:title" content="Bjarni Þór Bjarnason - ADVEL" />
<meta property="og:description" content="Starfsferill 2021 –  ADVEL lögmenn2017 – 2021  Deloitte2009 – 2017  LOGOS lögmannsþjónusta2008  Yfirskattanefnd  Menntun 2009&nbsp; LL.M frá University of Southern California2008&nbsp; Mag.jur frá Háskóla Íslands Réttindi til málflutnings fyrir Héraðsdómi Helstu starfssvið Félagaréttur og fyrirtækjaráðgjöf, skattaréttur, samrunar og yfirtökur, fjármögnun fyrirtækja, samningaréttur, stjórnsýsluréttur Tungumál Enska" />
<meta property="og:url" content="https://advel.is/en/advelstaff/bjarni-thor-bjarnason/" />
<meta property="og:site_name" content="ADVEL" />
<meta property="article:modified_time" content="2026-01-22T10:04:21+00:00" />
<meta name="twitter:card" content="summary_large_image" />
<meta name="twitter:label1" content="Est. reading time" />
	<meta name="twitter:data1" content="1 minute" />
<script type="application/ld+json" class="yoast-schema-graph">{"@context":"https:\/\/schema.org","@graph":[{"@type":"WebPage","@id":"https:\/\/advel.is\/advelstaff\/bjarni-thor-bjarnason\/","url":"https:\/\/advel.is\/advelstaff\/bjarni-thor-bjarnason\/","name":"Bjarni Þór Bjarnason - ADVEL","isPartOf":{"@id":"https:\/\/advel.is\/#website"},"datePublished":"2025-12-16T23:15:42+00:00","dateModified":"2026-01-22T10:04:21+00:00","inLanguage":"en-US","potentialAction":[{"@type":"ReadAction","target":["https:\/\/advel.is\/advelstaff\/bjarni-thor-bjarnason\/"]}]},{"@type":"WebSite","@id":"https:\/\/advel.is\/#website","url":"https:\/\/advel.is\/","name":"ADVEL","description":"","publisher":{"@id":"https:\/\/advel.is\/#organization"},"potentialAction":[{"@type":"SearchAction","target":{"@type":"EntryPoint","urlTemplate":"https:\/\/advel.is\/?s={search_term_string}"},"query-input":{"@type":"PropertyValueSpecification","valueRequired":true,"valueName":"search_term_string"}}],"inLanguage":"en-US"},{"@type":"Organization","@id":"https:\/\/advel.is\/#organization","name":"ADVEL","url":"https:\/\/advel.is\/","logo":{"@type":"ImageObject","inLanguage":"en-US","@id":"https:\/\/advel.is\/#\/schema\/logo\/image\/","url":"https:\/\/advel.is\/wp-content\/uploads\/2021\/06\/advel-litid.png","contentUrl":"https:\/\/advel.is\/wp-content\/uploads\/2021\/06\/advel-litid.png","width":70,"height":64,"caption":"ADVEL"},"image":{"@id":"https:\/\/advel.is\/#\/schema\/logo\/image\/"}}]}</script>
<!-- / Yoast SEO plugin. -->

Bjarni Þór Bjarnason - ADVEL

Starfsferill 2021 –  ADVEL lögmenn2017 – 2021  Deloitte2009 – 2017  LOGOS lögmannsþjónusta2008  Yfirskattanefnd  Menntun 2009&nbsp; LL.M frá University of Southern California2008&nbsp; Mag.jur frá Háskóla Íslands Réttindi til málflutnings fyrir Héraðsdómi Helstu starfssvið Félagaréttur og fyrirtækjaráðgjöf, skattaréttur, samrunar og yfirtökur, fjármögnun fyrirtækja, samningaréttur, stjórnsýsluréttur Tungumál Enska
